rs of m(-3).
2, 7
Suppose q = -274 + 54. Let i = q + 398. List the prime factors of i.
2, 89
Suppose -33882 - 5028 = -30*a. List the prime factors of a.
1297
Suppose 8*p + 3180 = 20*p. What are the prime factors of p?
5, 53
Let g be 2*1/(1 + 0). Let f(m) = 25*m**3 + m. Let o be f(1). Suppose g*a - o = 26. List the prime factors of a.
2, 13
Suppose 0 = -5*o - o + 12. Suppose o*g + 199 = -d + 6*d, -6 = 3*g. What are the prime factors of d?
3, 13
Let h(k) = 6*k - 15 - 5*k - 4*k. Let y be h(-6). Suppose 2*w - 3*v - 75 + 20 = 0, -84 = -y*w + 4*v. List the prime factors of w.
2
Let s(h) = -18*h**2 - 18*h. Let i(k) = k**2 + k. Let b(q) = -15*i(q) - s(q). Let d be b(-4). Suppose -11*f + 8*f = -d. What are the prime factors of f?
2, 3
Let f(d) = 2*d**3 - 27*d**2 + 27*d - 11. What are the prime factors of f(14)?
563
Suppose 0 = -3*w + 2*z + 1557, 13*w + 4*z = 8*w + 2595. What are the prime factors of w?
3, 173
Let k(v) = -37*v + 497. What are the prime factors of k(-55)?
2, 3, 211
Let j(s) = -s**3 - 5*s**2 + 3*s + 23. What are the prime factors of j(-10)?
17, 29
Suppose 0 = -3*c - 3*h + 1437, 4*h = -4*c - h + 1914. What are the prime factors of c?
13, 37
Suppose -4*x + 5*a + 26 = 0, 4*x + 6 = -2*a + 18. Let o(u) = -u**3 + 5*u**2 - 3*u - 5. Let t be o(3). Let p = t + x. List the prime factors of p.
2
Suppose -11*t - 1384 + 8490 = 0. List the prime factors of t.
2, 17, 19
Suppose 4*q - 40 = -6*q. Suppose -211 = -q*k - 5*g, 2*k - 53 - 48 = -g. List the prime factors of k.
7
Suppose -4*q - 7 = -23. Suppose z - q = 2*d - 102, 3*d - 137 = -z. Let n = 77 - d. List the prime factors of n.
2, 3, 5
Let q = -24 - -937. What are the prime factors of q?
11, 83
Let n(x) = 6*x**2 + 2*x - 2. Suppose 6*t = 5*t - 3. Let b be -6*t/(3 - -6). What are the prime factors of n(b)?
2, 13
Let v(d) = d + 15. Let c be v(-7). Suppose c + 4 = o. What are the prime factors of o?
2, 3
Let q(v) = 23*v**3 + 3*v**2 + 7*v**2 - 24*v**3. List the prime factors of q(6).
2, 3
Let c(r) = 5*r**3 + 2*r**2 - 1. Let s be c(-1). Let o be ((-30)/s)/(1/18). Suppose 0 = 4*y + y - o. List the prime factors of y.
3
Let x be (-10)/(-3) + 3 + (-30)/9. Suppose p = 3*n - 0*p - 242, x*p - 408 = -5*n. What are the prime factors of n?
3
Suppose -9*n = -4*g - 5*n + 880, 4*g - 885 = -n. List the prime factors of g.
13, 17
Let a(l) be the third derivative of -7*l**4/8 + 31*l**3/6 - 19*l**2. List the prime factors of a(-8).
199
Let s(b) = -4*b**3 + b**2 + b. Let x be s(-1). Let f(q) = q - 9. Let m be f(x). Let g = m - -9. What are the prime factors of g?
2
Let v(i) be the third derivative of i**5/60 - 3*i**4/8 + 5*i**3/3 - 3*i**2. Let o be v(8). Suppose o*q - 128 = -12. What are the prime factors of q?
2, 29
Suppose -i = -5*j + 6040, -4*i = 2*j - 991 - 1425. What are the prime factors of j?
2, 151
Suppose -6*r = 6 + 12. Let w be 3 + -3 - 15/r. Let h(k) = -k**3 + 6*k**2 + 4*k - 10. What are the prime factors of h(w)?
5, 7
Suppose 0 = o - 5*k - 4332, 2*k - 8664 = -2*o - k. What are the prime factors of o?
2, 3, 19
Suppose 148*c = 149*c - 16. Let r be (-2)/(-3) - (-10)/3. Suppose 0 = r*l + c, -5*l + 130 = 2*j - l. What are the prime factors of j?
73
Suppose -3*k = -4*m - 294, -2*k + 2*m + m = -196. Suppose k = j + 3*f, 380 = 3*j + 3*f + 74. List the prime factors of j.
2, 13
Suppose -c - 112 + 2 = 0. Let f = c - -194. What are the prime factors of f?
2, 3, 7
Let x(t) = 9*t**2 - 22*t - 64. Let d(n) = 6*n**2 - 15*n - 43. Let p(f) = -7*d(f) + 5*x(f). What are the prime factors of p(-6)?
7, 17
Suppose 2*o - 3*l - 7803 - 5346 = 0, -2*l - 13148 = -2*o. List the prime factors of o.
3, 7, 313
Let g(a) = 7*a**2 + 52*a + 275. What are the prime factors of g(-10)?
5, 7, 13
Suppose -38*k = 15*k - 88245. What are the prime factors of k?
3, 5, 37
Let h(d) = 20*d**3 - 5*d**2 + 4*d - 2. Let y be h(2). Suppose -y = -6*r - 26. What are the prime factors of 84/r*(-30)/(-3)?
2, 3, 7
Let m be (-156)/(-60) - 2/(-5). Suppose f = -m*s + 72, f + s + 3*s = 69. List the prime factors of f.
3
Let d(v) = -v**2 + 14*v - 49. Let m be d(8). What are the prime factors of 4 + -2 + (117 - m) + -1?
7, 17
Let q(b) = -160*b**2 - 11*b. Let i(m) = -2*m**2 - m - 1. Let u(p) = 6*i(p) - q(p). What are the prime factors of u(1)?
3, 7
Suppose -349 = -4*k + 431. Suppose -3*z + k = -0*z. Suppose 0 = 3*d + 11 - z. List the prime factors of d.
2, 3
Suppose -i - 4 - 53 = 0. Let p = 132 + i. List the prime factors of p.
3, 5
Suppose -5*a + 2*a = -42. Let d = a + -4. What are the prime factors of d?
2, 5
Let q(o) = -o**2 - 17*o - 11. Let w be q(-11). Let c = w - -14. List the prime factors of c.
3, 23
Suppose 3*o + 397 = k, -2*k - 2*k + 4*o = -1620. Suppose s = -5*x + k + 381, 0 = x + 2*s - 158. What are the prime factors of x?
2, 79
Let y(s) = -80*s - 1. Let p be y(1). Let f = 5 + p. Let w = f - -123. What are the prime factors of w?
47
Let f = 81 + 17. Suppose 2*a - 390 = -f. What are the prime factors of a?
2, 73
List the prime factors of 364 + 3 + -3 - (-1 + 8).
3, 7, 17
Let z be (3 - (-115)/(-35))*-14. List the prime factors of ((-9)/(-1))/(z/28).
3, 7
List the prime factors of 192/16*345/6.
2, 3, 5, 23
Let v(k) = 281*k + 388. What are the prime factors of v(6)?
2, 17, 61
Let l(s) = 26*s - 2. Let o be l(-4). Let k = o - -171. What are the prime factors of k?
5, 13
Suppose 0*h + 3*h - 15 = 0. Let r = 72 - h. List the prime factors of r.
67
Suppose -3*q + 1354 = 7*p - 5*p, 5*q - 2*p - 2246 = 0. What are the prime factors of q?
2, 3, 5
Let a = 158 - 145. What are the prime factors of (-2258)/(-12) - (a/6)/13?
2, 47
Suppose -6*n - 8852 = -30344. List the prime factors of n.
2, 3, 199
Suppose 8 = a - 3*a, 35 = 5*o - 5*a. Suppose 5 = o*f - 1. List the prime factors of f.
2
Let k be (-1980)/(-27)*(-2)/(2/(-33)). Suppose 13*h - 2*h = k. What are the prime factors of h?
2, 5, 11
Suppose -1488 = 86*w - 94*w. List the prime factors of w.
2, 3, 31
Let d(r) be the second derivative of r**3/3 - 6*r**2 + 10*r. Let w be d(7). Suppose 2*s + 80 = 5*o + 5*s, w*o = s + 21. List the prime factors of o.
13
Suppose 0 = 4*o - 0*o + 2*n - 36, -2*n - 63 = -5*o. Suppose o*l - l = 420. List the prime factors of l.
2, 3, 7
Let t(b) = -b**3 - 4*b**2 - 5*b + 4. Let k be t(-4). Suppose j = 3*g - 4*g + 12, k = 3*j - g. What are the prime factors of 50/4 + j/6?
2, 7
Suppose -5*o - 338 = -313. Let a(q) = q**2 + 3 - 4 - 6*q - 2*q**2. List the prime factors of a(o).
2
Let i = 12 + -26. Let r be (-2)/(-7) + 116/i. What are the prime factors of (1 - 23)*4/r?
11
Let n(h) = 8*h + 14. Let r(f) = f**2 - f - 1. Let c(d) = n(d) + 3*r(d). List the prime factors of c(-6).
89
Let h(g) = -g + 3. Let j be h(-16). Let m = j - 16. Suppose s - m*k = -9, -2*s - k + 9 = -1. What are the prime factors of s?
3
List the prime factors of (35735/30 - -6) + (-15)/(-18).
2, 599
Let w be (-12)/(-30)*10/4. Let l be 1*3 - (-5 + w). Let o = l - 1. What are the prime factors of o?
2, 3
Suppose -756 = -48*y + 44*y. List the prime factors of y.
3, 7
Suppose 4*w - 5 = -5*k, 5*k = w + w + 5. Let z = k + 5. List the prime factors of z/(-8) - 535/(-20).
2, 13
Let f be (3 - 1) + (-1 - -2). Let c be 1/(f + -2) - -4. Suppose -c*q + 125 = -10. List the prime factors of q.
3
Let i be 6/15 - (-22)/(-5). Let t = 12 - i. Suppose l - 5 - t = 0. What are the prime factors of l?
3, 7
Let o be (5 + 0)/(19/(-76)). List the prime factors of (55/o)/(1/(-8)).
2, 11
Suppose -13 = -5*w - l + 2*l, 2*w = -2*l + 10. Let r(m) = 3*m - 2. Let p be r(w). What are the prime factors of (0 - -3) + (p - 3)?
7
Let v be (-14)/4*-1*(3 - -1). What are the prime factors of (3 + 1)*(-5 + v)?
2, 3
Let i(f) = f**2 - 19*f + 1. What are the prime factors of i(-8)?
7, 31
Let b(i) = -19*i + 51. List the prime factors of b(-11).
2, 5, 13
Suppose 4*a + 4844 = -3*u + 16623, -2*a - 11755 = -3*u. List the prime factors of u.
3, 1307
What are the prime factors of 10/12 + 33327/54?
2, 3, 103
Suppose d - 17 = 2*f + 28, 0 = -2*d - 4*f + 130. What are the prime factors of d?
5, 11
Let z be (-1026)/(-4) + (-21)/42. Let u = z + -165. What are the prime factors of u?
7, 13
List the prime factors of -5 - ((-476)/(-3))/((-2)/15).
3, 5, 79
Suppose 4*t + 5*i = 113, -5*t + 4*i + 113 = -59. Let r = -25 + t. List the prime factors of r.
7
Suppose 6*r = -15*r + 9639. What are the prime fact